18. What are the prime factors of k?
19
Suppose -4 - 5 = 3*d. Suppose 0 = -0*f - 3*f. What are the prime factors of 8/2 - (f + d)?
7
Let q(u) = 35*u**2 - 23*u + 34. What are the prime factors of q(-9)?
2, 769
Suppose 67*f - 68*f = 60. Let j = -58 - -154. Let v = f + j. List the prime factors of v.
2, 3
Suppose -4*d + 17 - 5 = 0. Suppose -3*t = -o + 26, o - d*o = -3*t - 40. List the prime factors of 26/91 - (-122)/o.
3
Let m(a) = -17*a**2 - 2*a + 8. Let l be m(2). What are the prime factors of (-30)/(-7)*(l/(-24) - -2)?
2, 5
Suppose 5*o - 4*r = 6*o - 68, -2*r + 10 = 0. Suppose c - z - 90 + 15 = 0, 0 = -5*z + 20. Let p = c - o. What are the prime factors of p?
31
Let v be (-2)/5 + (-72)/(-5). Suppose b = -0*b - v. What are the prime factors of (-1 + 2)*(-1 - b)?
13
Let d = -1 + 7. Suppose -x + 2*o + 11 = 0, -14 - 2 = -x - 3*o. Suppose -n = -x + d. What are the prime factors of n?
7
Suppose -144 = -h - 2*h. Let i = -80 + h. List the prime factors of 8/i + 153/4.
2, 19
Let c(q) = 5*q**2 - q - 11. Let h(i) = -4*i**2 + 11. Let a(r) = 6*c(r) + 7*h(r). What are the prime factors of a(4)?
19
Let i(u) = -3*u - 10. Let a = 10 - 5. Suppose d - a*d - 44 = 0. List the prime factors of i(d).
23
Suppose -4*c + 4348 = 940. What are the prime factors of c?
2, 3, 71
Let u = 1126 - 762. Let x = u - 216. What are the prime factors of x?
2, 37
Suppose -4*j = 2*y - 26, -j - y = -4 - 0. Let b be -8 + 1169/91 - (-2)/13. Suppose -2*i = -2, g + i - j = b*i. List the prime factors of g.
13
Let o(l) = -l**3 - 4*l**2 - 4*l + 1. Let j be o(-3). Suppose 3*h = 2*h - j. List the prime factors of 9/18 + (-174)/h.
2, 11
Let l(h) = h**3 + 12*h**2 + h + 17. Let n be l(-12). Suppose -208 = -5*t + 2*k, n*k - 34 + 134 = 2*t. What are the prime factors of t?
2, 5
Suppose -f + 1858 = -2*l, l = 5*f - 7511 - 1734. List the prime factors of f.
2, 3, 7, 11
Let w(n) = 3*n - 1. Let z be w(1). Suppose -y = -4*x + 3*x - 4, -z*x + 34 = 5*y. List the prime factors of y.
2, 3
Suppose -10*m + 532 = 4*n + 184, -120 = -3*m + 4*n. Let j = 130 - 52. Suppose m + j = 2*t. List the prime factors of t.
3, 19
Let h(l) be the third derivative of -l**5/60 + 11*l**4/24 + 5*l**3/3 + 13*l**2. What are the prime factors of h(10)?
2, 5
Let p = 2242 + 310. List the prime factors of p.
2, 11, 29
Suppose -4*o + 5329 = 4*l - 5*o, 4*l - 5333 = 5*o. What are the prime factors of l?
2, 3, 37
Suppose 3*l + 22 = 5*z, 4*l + 6 = -z - 4*z. What are the prime factors of 39/26 + 9/z?
2, 3
Suppose 34*r + 2080 = 42*r. List the prime factors of r.
2, 5, 13
Let v = 4919 - 2000. What are the prime factors of v?
3, 7, 139
Suppose 7052 + 10678 = 9*z. List the prime factors of z.
2, 5, 197
Suppose 5*g + 2*f - f - 162 = 0, -3*f = -4*g + 141. Suppose 6*i - i = 2*n - 948, -n + 468 = -4*i. What are the prime factors of n/g*6/4?
2, 11
Let g be (3/(-2))/(-5 + 85/20). Suppose g*x = 4*p + 148, 3*p + 149 = -7*x + 9*x. What are the prime factors of x?
2, 19
Suppose -2 - 48 = -5*k. Let t be (-144)/(-15) + 4/k. List the prime factors of (1 - 4)*t/(-15).
2
Let c(u) = 4*u**2 - 5*u - 17. Let f be c(-7). Suppose 3*m = -4*l + 179, -4*l + f - 38 = 4*m. What are the prime factors of l?
47
Suppose 3 + 10 = q. Let a = 25 - q. What are the prime factors of a?
2, 3
Suppose -2*j = -17 - 3. Suppose 0 = -2*h - 6*o + 3*o - 2, 2*o + j = 3*h. List the prime factors of 74 + (5 - h - 3).
2, 37
Let h(p) = 7*p + 1. Let q be h(3). Suppose -5*f + 88 + q = 0. Suppose 3*g + s - f = 2*s, 5*g + 3*s - 60 = 0. What are the prime factors of g?
3
Let q(l) = 40*l**2 + 35*l + 44. What are the prime factors of q(-6)?
2, 7, 13
Let h(y) = y**3 + 19*y**2 + 26*y + 44. List the prime factors of h(-13).
2, 3, 5
Let x = -69 + 69. List the prime factors of 211 - -1*(x/(-3))/4.
211
Let s = 1459 + -989. List the prime factors of s.
2, 5, 47
Let f = 8395 + -5282. List the prime factors of f.
11, 283
Let o be 4*(255/(-12))/(-5). Suppose -x = 2*s - 7, -3*x - 4*s + 14 + o = 0. What are the prime factors of x?
17
Let y(p) = 2*p**2 - p + 1. Let z be y(1). Suppose -3*g = -4*u + 87, 6*u - 66 = 3*u + z*g. Suppose -5*v + u + 6 = 0. What are the prime factors of v?
2, 3
What are the prime factors of 2415/140*10*20?
2, 3, 5, 23
Suppose -3*s + 15 = 3. Suppose -5*w + s*b = -383, 6*w - 379 = w + 2*b. Suppose -5*v + 8 = 23, 0 = 3*m - 4*v - w. What are the prime factors of m?
3, 7
List the prime factors of (-251900)/(-135) + (-6)/(-81).
2, 3, 311
Let s(b) = -107*b + 351. Let y be s(3). Suppose 2*g = 12 - 2. Suppose -10*p = -g*p - y. List the prime factors of p.
2, 3
Let u(h) = -11*h + 44. Let p be u(4). Suppose t = -p*t + 251. What are the prime factors of t?
251
Suppose -2*k + 1 = -7. Suppose 0 = k*d - 0*d - y - 407, -3*y = d - 118. What are the prime factors of d?
103
Suppose 5*g = 127 - 32. Suppose g - 11 = 2*u. Suppose 3*f = u*f - 41. List the prime factors of f.
41
Suppose 0 = -5*y + 22*l - 24*l + 627, y - 131 = l. What are the prime factors of y?
127
Let l = -4 - -6. Suppose -42 = -4*r + 2*c, 3*r + 5*c - 38 = l*r. Suppose 3*s + 5*d - r = 2*s, 4*s - d - 157 = 0. What are the prime factors of s?
2, 19
Let y(d) = 5 + 3*d - 13*d**3 - d + 6*d + 17*d**2. Let c(x) = -7*x**3 + 9*x**2 + 4*x + 3. Let v(n) = -11*c(n) + 6*y(n). List the prime factors of v(2).
3
Suppose z + 4*z - 5 = 0. Let k be z/(-2)*(9 + 13). What are the prime factors of (-40)/(-22) + (-2)/k?
2
Let f = -18 - -14. Let a = f - -24. List the prime factors of (-2)/(-8) + 575/a.
29
Let x(i) = 13*i**2 + i + 12. Let c be x(-3). Suppose 0 = -2*f - 3*f - 3*y + 335, 2*y - 266 = -4*f. Suppose 5*w - c = f. What are the prime factors of w?
2, 19
Suppose 0 = -3*w + 101 + 919. Let t = w + -105. Suppose -2*v = 4*g - 178, 5*g + 5*v = -0*g + t. List the prime factors of g.
2, 3, 7
Let y(l) = -2*l + 20. Suppose -2*h = -3*h + 9. Let w(m) = -m + 18. Let x be w(h). List the prime factors of y(x).
2
Suppose 3*w + w - 44 = -2*o, -3*w = -o - 3. Let y = 9 - o. Let f(s) = 2*s**2 + 4*s + 1. List the prime factors of f(y).
7
Let o = 90 + -86. Suppose 0 = 19*r - o*r - 870. List the prime factors of r.
2, 29
Let y = 5546 + -3903. List the prime factors of y.
31, 53
Suppose 5*b + 2608 = 4*x + b, -5*b = -25. List the prime factors of x.
3, 73
Suppose -3 = f - 7. Suppose 24 = f*b - 0. What are the prime factors of 1/(-2)*(-116 - b)?
61
Let q(h) be the first derivative of -h**3/3 + 6*h**2 - 13*h - 35. List the prime factors of q(7).
2, 11
Let m(x) = 2*x**3 - 160*x**2 + 53*x - 138. List the prime factors of m(80).
2, 7, 293
Let w(z) be the third derivative of -z**6/24 - z**4/12 - 2*z**3/3 - 8*z**2. List the prime factors of w(-2).
2, 5
Let k(s) = s**3 + 2*s**2 + 2*s + 4. Let j be k(-2). Suppose 4*o + 328 = 4*g, j = -g - 4*o - 4 + 71. What are the prime factors of g?
79
Let x(o) = 3*o - 16. Let d be x(6). Suppose d*b = -2*b + 112. List the prime factors of b.
2, 7
Suppose 34 + 16 = 2*b. Suppose 5*a - 77 = -0*r - 3*r, -5*a = b. List the prime factors of r.
2, 17
Let a = 37 - 29. List the prime factors of a/(-28) + (-135)/(-7).
19
Let j(r) = 24*r**2 - 15*r + 41. What are the prime factors of j(3)?
2, 53
Let r(i) = i**2 - 4*i - 2. Let k be r(5). Let l(v) = -11*v + 5. Let p(c) = -9*c + 6. Let s(h) = -4*l(h) + 5*p(h). What are the prime factors of s(k)?
7
Let h(w) = 266*w - 56. Let n(d) = 24*d - 5. Let v(x) = -5*h(x) + 56*n(x). Let t be (5 - 0)*(-4)/(-10). What are the prime factors of v(t)?
2, 7
Let k = 1356 - 790. What are the prime factors of k?
2, 283
Suppose 0 = 3*d + 3*m + 15, 2*d + 0*m - 4*m - 20 = 0. Suppose -a + 25 + 15 = d. Suppose -2*x + a = -0*x. List the prime factors of x.
2, 5
Let t be 269/(-3) - (5 - 28/6). Let r = t + 135. What are the prime factors of r?
3, 5
Let p be 3/(-2)*(6 - 8). Suppose -p*f + 126 = -135. List the prime factors of f.
3, 29
Suppose 0 = 87*v - 89*v + 330. List the prime factors of v.
3, 5, 11
Suppose -81*f + 76*f = -480. List the prime factors of f.
2, 3
Let n(l) = -16*l**3 - 12*l**2 - 6*l - 10. List the prime factors of n(-5).
2, 5, 43
Suppose 2*u = -2, 5*n - u - 2*u = 128. Suppose -29*c + n*c = -412. List the prime factors of c.
103
Let l be (1 + (-542)/(-6))/(2/3). Suppose 6*g = -l + 833. List the prime factors of g.
2, 29
Let r(i) = 11*i**3 - 12*i**3 - 22 - 7*i + 22*i - 6*i**2. List the prime factors of r(-9).
2, 43
Let r(n) = 5*n**2 + 4